2 - 44*l - 558. What is x(-9)?
1863
Let n(a) = a**3 + 6*a**2 - 31*a + 101. Give n(-11).
-163
Let p(l) = 2*l**3 - 1093*l**2 - 7750*l - 23. Determine p(-7).
-16
Let b(g) = -41*g**2 + 612*g + 1115. What is b(17)?
-330
Let x(i) = 3424*i - 27016. Determine x(8).
376
Let h(a) = -7*a**2 + 8*a + 7. Determine h(2).
-5
Let v(l) = -l**3 - 2*l**2 + 700*l - 635. Calculate v(25).
-10
Let c(d) = d**2 - 94*d - 9734. What is c(157)?
157
Let v(t) = -367*t - 52196. Determine v(-143).
285
Let k(m) = 300527*m + 63. Calculate k(0).
63
Let w(v) = -123256*v + 369747. What is w(3)?
-21
Let i(t) = 2*t**3 - 6*t**2 - 1917*t - 21037. Determine i(-17).
-8
Let i(q) = -q**2 + 60*q + 346. Give i(65).
21
Let c(i) = -i**3 - 71*i**2 + 3*i + 9512. Determine c(-69).
-217
Let c(g) = -g**3 + 5*g**2 - 23*g - 1351. Calculate c(-9).
-10
Let y(l) = -l**3 - 21*l**2 + 38*l + 186. Calculate y(-21).
-612
Let r(w) = 8*w**2 - 342*w - 2385. Calculate r(-6).
-45
Let k(v) = -2841*v - 409115. What is k(-144)?
-11
Let c(m) = 627*m + 28317. What is c(-43)?
1356
Let b(z) = 112*z**2 + 639*z - 1. Give b(-3).
-910
Let w(j) = -1108*j**2 - 336*j - 336. Determine w(-1).
-1108
Let r(k) = 14*k**2 - 1288*k + 257. Determine r(90).
-2263
Let j(m) = -7*m**3 + 3116*m**2 - 18720*m - 12. Give j(6).
-1668
Let i(r) = -r**2 + 539*r - 53021. Give i(129).
-131
Let q(p) = -7733*p - 456252. Determine q(-59).
-5
Let o(h) = 35255*h - 1933. Determine o(0).
-1933
Let y(x) = 4*x**3 + 22*x**2 + 277*x + 1713. Calculate y(-6).
-21
Let b(g) = -11*g**2 - 274*g - 216. Calculate b(-23).
267
Let z(u) = -16*u**2 - 31*u + 2763. Calculate z(11).
486
Let z(q) = -27252*q + 23. What is z(0)?
23
Let o(b) = b**3 + 1448*b**2 - 18985*b - 107. Determine o(13).
-3
Let n(p) = -17*p**2 + 183*p + 728. Give n(-17).
-7296
Let p(g) = -3*g**2 + 5675*g - 39591. Calculate p(7).
-13
Let t(i) = -i**2 + 29277*i + 7441304. Determine t(-252).
-4
Let v(x) = -2*x**2 - 882*x + 76409. Determine v(74).
189
Let u(z) = z**3 - 89*z**2 - 486*z - 7991. Give u(95).
-11
Let u(l) = 2*l**3 + 2213*l**2 - 7969*l - 220892. Give u(-1110).
-2
Let a(p) = 1134*p - 34822. Give a(29).
-1936
Let r(i) = 2*i**2 + 101746*i - 1832063. Determine r(18).
13
Let l(d) = d**2 + 749*d + 108746. What is l(-199)?
-704
Let h(r) = 1706*r - 57995. Calculate h(34).
9
Let w(p) = -p**2 + 2326*p + 235036. What is w(-97)?
5
Let p(q) = -106283*q - 185. What is p(0)?
-185
Let b(f) = -8322*f - 324528. What is b(-39)?
30
Let y(s) = s**3 + 1107*s**2 + 1428*s + 356142. What is y(-1106)?
10
Let w(a) = -11635*a + 58041. Determine w(5).
-134
Let b(u) = -1771*u + 65881. Calculate b(37).
354
Let s(o) = o**3 + 40*o**2 - 5224*o - 70. What is s(55)?
-15
Let d(a) = a**3 + 26*a**2 + a + 25. What is d(-25)?
625
Let r(y) = 300*y**2 - 866*y + 74. Calculate r(3).
176
Let l(a) = a**3 - 37*a**2 + 144*a - 2590. What is l(35)?
0
Let n(u) = -u**2 + 290*u + 29348. Determine n(-80).
-252
Let j(k) = -27*k**2 - 1144*k + 1935. Give j(-44).
-1
Let b(w) = -324*w**2 + 512*w + 1012. Give b(-2).
-1308
Let k(x) = 8*x**3 + 112*x**2 + 107*x - 18. Calculate k(-13).
-57
Let x(q) = -17*q**2 - 22*q + 1485. Calculate x(9).
-90
Let d(q) = -3*q**2 + 727*q + 7228. Determine d(-10).
-342
Let u(a) = -25571*a - 537020. What is u(-21)?
-29
Let w(g) = -g**3 + 102*g**2 - 282*g - 1090. Calculate w(99).
395
Let f(x) = -4*x**3 - 72*x**2 - 212*x + 72. Give f(-6).
-384
Let w(s) = 9*s**2 + 9122*s - 36633. Determine w(4).
-1
Let r(g) = 6*g - 1447. Give r(219).
-133
Let w(t) = 6*t**2 + 1019*t + 34096. Determine w(-124).
-4
Let s(c) = 18*c**2 + 12415*c - 66039. Determine s(-695).
-14
Let r(b) = b**3 + 60*b**2 - 125*b - 527. Give r(-62).
-465
Let q(r) = -600*r - 120624. What is q(-201)?
-24
Let z(q) = 9*q**2 + 25*q - 2127. Calculate z(14).
-13
Let u(b) = -2*b**2 + 5469*b + 1030692. What is u(-177)?
21
Let f(l) = -4*l**2 - 8752*l - 130461. Determine f(-15).
-81
Let k(r) = -10202*r + 101711. Calculate k(10).
-309
Let r(i) = 508*i**3 - 2*i**2 - i + 6. Calculate r(-2).
-4064
Let s(m) = -4*m**2 - 976*m + 42461. What is s(-282)?
-403
Let j(r) = -122235*r - 2078001. Determine j(-17).
-6
Let d(x) = 265*x - 724. Determine d(3).
71
Let c(n) = 3*n**2 - 177*n - 299. Calculate c(60).
-119
Let l(f) = 2*f**3 - 76*f**2 + 529*f - 330. What is l(8)?
62
Let z(f) = 438*f - 157705. What is z(360)?
-25
Let o(s) = 2*s**2 - 93*s + 416. Calculate o(28).
-620
Let p(d) = d**3 + 636*d**2 + 64268*d + 1031. Calculate p(-126).
23
Let p(s) = s**3 - 177*s**2 + 6465*s + 1819. Calculate p(52).
-1
Let v(h) = -13939*h - 167309. What is v(-12)?
-41
Let v(c) = -2*c**2 - 196*c + 1859. Calculate v(9).
-67
Let z(t) = 2*t**2 + 1171*t - 34993. Give z(-614).
5
Let q(k) = -k**3 - 12*k**2 - 195*k - 410. Determine q(-14).
2712
Let p(x) = -x**2 - 26*x + 55. What is p(2)?
-1
Let m(f) = 48608*f + 583547. What is m(-12)?
251
Let w(k) = 348*k - 8264. Calculate w(21).
-956
Let i(y) = 14994*y + 90799. Give i(-6).
835
Let b(y) = 181*y + 17917. Calculate b(-119).
-3622
Let r(b) = 271266*b - 34722053. Determine r(128).
-5
Let y(d) = 985*d - 3575. What is y(4)?
365
Let b(l) = -5*l**3 - 830*l**2 + 1582*l - 16420. Determine b(-168).
44
Let a(k) = 222*k**2 + 4885*k + 37. Calculate a(-22).
15
Let q(p) = -2322*p + 759281. Calculate q(327).
-13
Let n(j) = -13*j**2 + 316*j + 183. Give n(25).
-42
Let m(h) = 6*h**2 + 1705*h - 8345. What is m(-289)?
36
Let t(y) = -63*y**3 + 322*y**2 + 49*y - 10. Determine t(6).
-1732
Let q(u) = -3*u**2 - 34681*u + 381782. What is q(11)?
-72
Let a(f) = f**3 + 1094*f**2 - 1160*f - 71193. Give a(-1095).
-18
Let i(f) = -f**3 + 24*f**2 + 803*f - 19590. What is i(25)?
-140
Let z(n) = 4534*n + 308310. Determine z(-68).
-2
Let b(a) = -86*a - 227. Give b(37).
-3409
Let z(u) = -u**3 + 926*u**2 + 990*u - 916786. What is z(926)?
-46
Let s(y) = -4298*y - 2527232. Give s(-588).
-8
Let b(c) = -3*c**2 + 696*c - 1493. Give b(228).
1243
Let r(l) = -1994*l - 76443. Determine r(-38).
-671
Let l(q) = -103*q**2 + 10406*q - 653. What is l(101)?
-350
Let z(m) = -5*m**2 - 2059*m + 141531. Calculate z(60).
-9
Let b(o) = 470*o + 10448. Determine b(-28).
-2712
Let y(f) = 47713*f + 477139. Give y(-10).
9
Let r(f) = -5149308*f + 5. Determine r(0).
5
Let g(k) = 4*k**2 + 1054*k - 13157. Determine g(13).
1221
Let j(u) = 32*u - 6792. Determine j(208).
-136
Let t(h) = -h**2 - 88236*h + 617599. Calculate t(7).
-102
Let o(p) = -5284*p + 73911. What is o(14)?
-65
Let p(d) = -287*d - 3366. Calculate p(-11).
-209
Let n(p) = -32651*p + 25435123. Give n(779).
-6
Let m(v) = -v**2 + 45302*v - 7852293. Give m(174).
-21
Let v(o) = o**3 + 105*o**2 - 22*o - 1951. Calculate v(-105).
359
Let q(a) = -136*a**2 - 13060*a - 308. Give q(-96).
76
Let a(f) = 5*f**3 - 550*f**2 - 559*f + 475. Calculate a(111).
31
Let u(w) = -36232*w + 289552. What is u(8)?
-304
Let d(z) = 886*z + 298627. Calculate d(-337).
45
Let s(z) = -31*z**3 - 6511*z**2 - 207*z + 749. What is s(-210)?
119
Let r(y) = -1008*y + 11114. Calculate r(11).
26
Let m(g) = 19*g**2 - 91766*g + 366755. Determine m(4).
-5
Let h(f) = 20*f**3 + 3*f**2 + 56*f + 367. Determine h(-5).
-2338
Let l(i) = -i**3 - i**2 + 15*i - 50. Give l(5).
-125
Let r(u) = 2*u**3 + 5*u**2 + 10412*u + 73313. Calculate r(-7).
-12
Let n(u) = u**3 + 26*u**2 - 55*u + 25. Determine n(-26).
1455
Let k(a) = -a**3 - 16*a**2 + 314*a + 2207. Determine k(15).
-58
Let a(r) = r**3 + 103*r**2 - 999*r + 1016. What is a(-112)?
8
Let x(v) = 15403*v + 245950. Determine x(-16).
-498
Let p(x) = 135*x**3 - 435*x**2 + 65*x - 2. What is p(3)?
-77
Let a(s) = 6*s**3 - 1390*s**2 - 22202*s - 31. Determine a(-15).
-1
Let l(q) = 3*q**2 - 3652*q - 14626. Determine l(-4).
30
Let g(d) = 2*d**2 - 1017*d - 2324984. Give g(1362).
-50
Let x(y) = y**2 + 160*y + 3799. Calculate x(-133).
208
Let v(a) = 38*a**2 + 3491*a - 398. What is v(-92)?
62
Let d(c) = -563*c - 34317. Give d(-61).
26
Let r(z) = -252*z - 657. Give r(-5).
603
Let r(b) = 16065*b + 32290. What is r(-2)?
160
Let t(f) = -f**3 - 144*f**2 - 235*f - 13035. What is t(-143)?
121
Let b(f) = -89*f**2 + 80*f - 159. What is b(2)?
-355
Let b(f) = -f**2 - 7346*f - 688881. Calculate b(-95).
-36
Let d(b) = -b**3 + 22*b**2 - 1092*b + 4062. Give d(4).
-18
Let t(h) = h**2 - 11300*h - 7906210. What is t(-661)?
11
Let p(q) = 693*q**2 - 16588*q - 1063. Give p(24).
-7
Let s(j) = j**2 - 6002*j + 36043. Give s(6).
